49860466?
4
What is the hundred millions digit of 105171286?
1
What is the hundred thousands digit of 46323934?
3
What is the ten millions digit of 544788254?
4
What is the units digit of 5472262850?
0
What is the thousands digit of 1554358437?
8
What is the thousands digit of 24866584?
6
What is the millions digit of 120566133?
0
What is the ten millions digit of 54729837?
5
What is the ten millions digit of 246094730?
4
What is the millions digit of 3345980190?
5
What is the hundred thousands digit of 37943363?
9
What is the millions digit of 341567190?
1
What is the hundreds digit of 632492959?
9
What is the ten thousands digit of 1270876893?
7
What is the hundred thousands digit of 96933764?
9
What is the millions digit of 3230632599?
0
What is the hundred millions digit of 641812259?
6
What is the thousands digit of 4793450?
3
What is the millions digit of 129911920?
9
What is the ten thousands digit of 471285667?
8
What is the millions digit of 47404301?
7
What is the thousands digit of 620673620?
3
What is the ten millions digit of 93003669?
9
What is the tens digit of 817028556?
5
What is the millions digit of 67735587?
7
What is the ten thousands digit of 82985084?
8
What is the hundreds digit of 4188093205?
2
What is the thousands digit of 1296742119?
2
What is the ten millions digit of 218441936?
1
What is the thousands digit of 524013?
4
What is the ten thousands digit of 216565719?
6
What is the tens digit of 41664545?
4
What is the billions digit of 6776907925?
6
What is the thousands digit of 13542996?
2
What is the ten millions digit of 47625326?
4
What is the hundreds digit of 38743286?
2
What is the thousands digit of 38951437?
1
What is the ten millions digit of 24762998?
2
What is the thousands digit of 168663094?
3
What is the units digit of 438011984?
4
What is the ten thousands digit of 202092554?
9
What is the billions digit of 1251582976?
1
What is the tens digit of 146497245?
4
What is the ten thousands digit of 4333761?
3
What is the ten thousands digit of 565023963?
2
What is the ten millions digit of 66154823?
6
What is the units digit of 47984186?
6
What is the tens digit of 1225376944?
4
What is the hundred millions digit of 2737916983?
7
What is the hundred thousands digit of 54892550?
8
What is the hundred millions digit of 140324989?
1
What is the tens digit of 1024813638?
3
What is the hundred millions digit of 961156573?
9
What is the ten millions digit of 2971232716?
7
What is the millions digit of 246561337?
6
What is the millions digit of 649906440?
9
What is the thousands digit of 982846283?
6
What is the hundreds digit of 161788326?
3
What is the tens digit of 892646771?
7
What is the hundreds digit of 1254073391?
3
What is the units digit of 16167455?
5
What is the hundreds digit of 463835328?
3
What is the tens digit of 2025512752?
5
What is the tens digit of 1300137793?
9
What is the hundreds digit of 1422634866?
8
What is the millions digit of 4337630227?
7
What is the billions digit of 6639052778?
6
What is the ten thousands digit of 56793741?
9
What is the millions digit of 192765358?
2
What is the units digit of 185822178?
8
What is the ten thousands digit of 1149106839?
0
What is the tens digit of 228167878?
7
What is the ten millions digit of 128108943?
2
What is the millions digit of 62437319?
2
What is the ten thousands digit of 261525890?
2
What is the units digit of 3893414084?
4
What is the hundreds digit of 67919255?
2
What is the millions digit of 198607722?
8
What is the hundred millions digit of 4215532729?
2
What is the tens digit of 6573260?
6
What is the ten millions digit of 2355008266?
5
What is the ten thousands digit of 1477205966?
0
What is the millions digit of 603228051?
3
What is the hundreds digit of 277947225?
2
What is the thousands digit of 36484182?
4
What is the units digit of 54325754?
4
What is the units digit of 160530314?
4
What is the hundred thousands digit of 1103578417?
5
What is the hundreds digit of 7555023?
0
What is the tens digit of 230584010?
1
What is the thousands digit of 1641241069?
1
What is the hundred millions digit of 508925229?
5
What is the millions digit of 46437608?
6
What is the hundred thousands digit of 1371665257?
6
What is the hundreds digit of 2449421649?
6
What is the ten thousands digit of 695619155?
1
What is the hundreds digit of 8730310?
3
What is the units digit of 205313934?
4
What is the thousands digit of 62057059?
7
What is the ten millions digit of 454200193?
5
What is the hundred thousands digit of 22080029?
0
What is the ten thousands digit of 314492339?
9
What is the hundred thousands digit of 549202507?
2
What is the units digit of 183027480?
0
What is the ten millions digit of 89664022?
8
What is the tens digit of 40863883?
8
What is the billions digit of 2345462269?
2
What is the thousands digit of 3251309?
1
What is the hundred millions digit of 1029128143?
0
What is the millions digit of 916690601?
6
What is the thousands digit of 40225070?
5
What is the millions digit of 157072593?
7
What is the millions digit of 26834360?
6
What is the billions digit of 1365674782?
1
What is the millions digit of 3325492517?
5
What is the thousands digit of 7613434936?
4
What is the ten thousands digit of 1037708500?
0
What is the thousands digit of 1993129542?
9
What is the ten millions digit of 263847764?
6
What is the hundreds digit of 117576535?
5
What is the ten thousands digit of 7571974?
7
What is the tens digit of 1647709762?
6
What is the hundred thousands digit of 337857644?
8
What is the ten millions digit of 17801138?
1
What is the hundreds digit of 157072533?
5
What is the ten thousands digit of 695808032?
0
What is the thousands digit of 46410521?
0
What is the tens digit of 17337001?
0
What is the thousands digit of 118432175?
2
What is the millions digit of 235558512?
5
What is the ten thousands digit of 524292418?
9
What is the tens digit of 365986913?
1
What is the hundred thousands digit of 4938444098?
4
What is the tens digit of 372944441?
4
What is the ten thousands digit of 19026362?
2
What is the millions digit of 392755233?
2
What is the hundred thousands digit of 1155786563?
7
What is the thousands digit of 1848509291?
9
What is the units digit of 25940152?
2
What is the ten millions digit of 1354151831?
5
What is the units digit of 1385554941?
1
What is the tens digit of 5954010759?
5
What is the thousands digit of 2448775902?
5
What is the millions digit of 866569850?
6
What is the ten thousands digit of 36258957?
5
What is the ten thousands digit of 892295944?
9
What is the hundred millions digit of 188390616?
1
What is the hundred thousands digit of 57179028?
1
What is the ten millions digit of 346874584?
4
What is the ten thousands digit of 97973618?
7
What is the thousands digit of 61659509?
9
What is the hundreds digit of 120120906?
9
What is the tens digit of 101199239?
3
What is the tens digit of 49395928?
2
What is the units digit of 49662634?
4
What is the hundred millions digit of 2604501323?
6
What is the hundred millions digit of 331911038?
3
What is the ten millions digit of 23585844?
2
What is the millions digit of 4174805710?
4
What is the hundreds digit of 474402193?
1
What is the tens digit of 755572425?
2
What is the tens digit of 1905366999?
9
What is the units digit of 4684603864?
4
What is the hundred millions digit of 163006700?
1
What is the tens digit of 818378975?
7
What is the millions digit of 28749267?
8
What is the hundreds digit of 16252457?
4
What is the hundreds digit of 900005165?
1
What is the ten thousands digit of 76501505?
0
What is the units digit of 118733260?
0
What is the billions digit of 2637520224?
2
What is the thousands digit of 138376909?
6
What is the thousands digit of 171452905?
2
What is the ten millions digit of 240359332?
4
What is the millions digit of 518297745?
8
What is the hundred millions digit of 1007712657?
0
What is the millions digit of 1632949258?
2
What is the units digit of 265507329?
9
What is the ten millions digit of 36854138?
3
What is the hundreds digit of 784753235?
2
What is the thousands digit of 314423935?
3
What is the units digit of 1643705126?
6
What is the thousands digit of 2828761312?
1
What is the units digit of 13905021?